?
False
Does 39 divide 62798?
False
Does 11 divide 223?
False
Is 126 a factor of 40969?
False
Is 5 a factor of 750?
True
Is 1148 a multiple of 82?
True
Is 31 a factor of 713?
True
Is 213 a multiple of 36?
False
Is 650 a multiple of 26?
True
Is 17 a factor of 102?
True
Is 1320 a multiple of 44?
True
Does 47 divide 82765?
False
Is 1254 a multiple of 66?
True
Is 107 a factor of 3877?
False
Does 20 divide 460?
True
Is 53 a factor of 39750?
True
Is 4 a factor of 1596?
True
Is 691 a multiple of 25?
False
Is 17 even?
False
Does 56 divide 120512?
True
Is 16 a factor of 15332?
False
Is 21252 a multiple of 21?
True
Is 12908 a multiple of 123?
False
Does 53 divide 265?
True
Is 8360 a multiple of 110?
True
Does 46 divide 782?
True
Does 21 divide 1029?
True
Does 4 divide 515?
False
Does 79 divide 3253?
False
Is 15416 a multiple of 8?
True
Does 85 divide 2805?
True
Is 643 a multiple of 22?
False
Is 13202 a multiple of 14?
True
Is 47 a factor of 35172?
False
Does 112 divide 3426?
False
Is 12 a multiple of 12?
True
Is 3401 a multiple of 2?
False
Is 616 a multiple of 22?
True
Is 9040 a multiple of 20?
True
Is 66 a factor of 33171?
False
Does 35 divide 280?
True
Is 9 a factor of 29520?
True
Is 20395 a multiple of 50?
False
Is 41 a factor of 32267?
True
Is 34 a factor of 738?
False
Is 29549 a multiple of 6?
False
Does 18 divide 8586?
True
Is 30780 a multiple of 76?
True
Is 551 a multiple of 7?
False
Does 12 divide 5821?
False
Is 59 a factor of 9263?
True
Is 18 a factor of 2275?
False
Is 239 a multiple of 16?
False
Does 8 divide 10527?
False
Is 1632 a multiple of 5?
False
Is 95 a factor of 19475?
True
Does 14 divide 1148?
True
Is 14064 a multiple of 12?
True
Is 585 a multiple of 39?
True
Does 23 divide 61732?
True
Does 249 divide 36315?
False
Is 10 a factor of 4001?
False
Is 31 a factor of 21429?
False
Does 57 divide 4556?
False
Does 136 divide 68178?
False
Does 6 divide 71?
False
Is 186 a factor of 1164?
False
Is 350 a multiple of 25?
True
Is 33581 a multiple of 327?
False
Is 594 a multiple of 18?
True
Is 1056 a multiple of 51?
False
Is 1972 a multiple of 66?
False
Is 44 a factor of 44045?
False
Is 9 a factor of 335?
False
Is 546 a multiple of 7?
True
Is 13 a factor of 1404?
True
Is 221724 a multiple of 12?
True
Does 20 divide 4943?
False
Is 632 a multiple of 2?
True
Is 33593 a multiple of 7?
True
Does 6 divide 2090?
False
Is 77 a factor of 67151?
False
Is 5580 a multiple of 9?
True
Does 22 divide 198?
True
Does 15 divide 690?
True
Is 792 a multiple of 11?
True
Does 40 divide 2562?
False
Is 8970 a multiple of 78?
True
Is 305 a factor of 4880?
True
Is 221 even?
False
Is 70744 a multiple of 14?
False
Does 60 divide 16920?
True
Is 7554 a multiple of 55?
False
Is 1830 a multiple of 6?
True
Does 47 divide 75247?
True
Is 42 a factor of 336?
True
Is 11 a factor of 539?
True
Does 19 divide 285?
True
Is 22 a factor of 770?
True
Is 39 a factor of 3276?
True
Does 63 divide 945?
True
Is 3275 a multiple of 131?
True
Does 149 divide 70328?
True
Does 2 divide 5420?
True
Is 11 a factor of 55?
True
Is 1320 a multiple of 8?
True
Is 92 a factor of 200?
False
Is 9372 a multiple of 95?
False
Is 20 a factor of 3682?
False
Does 59 divide 295?
True
Is 18 a factor of 810?
True
Is 48852 a multiple of 207?
True
Is 67 a factor of 571?
False
Does 9 divide 1539?
True
Is 58 a factor of 22736?
True
Is 2229 a multiple of 5?
False
Is 105 a factor of 1517?
False
Is 6552 a multiple of 28?
True
Does 30 divide 120?
True
Is 16404 a multiple of 75?
False
Is 5496 a multiple of 21?
False
Is 2566 a multiple of 40?
False
Does 20 divide 4020?
True
Does 8 divide 381?
False
Does 23 divide 391?
True
Is 11 a factor of 385?
True
Does 17 divide 49776?
True
Is 4 a factor of 201?
False
Is 841 a multiple of 51?
False
Is 1877 a multiple of 12?
False
Is 6 a factor of 20386?
False
Is 10 a factor of 12421?
False
Does 4 divide 327?
False
Is 1008 a multiple of 18?
True
Is 90 a multiple of 45?
True
Is 3720 a multiple of 30?
True
Is 14 a factor of 692?
False
Is 1000 a multiple of 25?
True
Is 38 a factor of 24540?
False
Is 839 a multiple of 13?
False
Is 3280 a multiple of 30?
False
Does 10 divide 760?
True
Is 71 a factor of 2074?
False
Does 41 divide 34850?
True
Does 28 divide 7059?
False
Is 1218 a multiple of 6?
True
Is 38 a factor of 67754?
True
Is 687 a multiple of 19?
False
Is 6195 a multiple of 9?
False
Does 112 divide 124224?
False
Is 2024 a multiple of 22?
True
Does 63 divide 10143?
True
Is 20 a factor of 151?
False
Does 77 divide 3234?
True
Does 96 divide 651?
False
Does 69 divide 9453?
True
Is 9 a factor of 1782?
True
Does 59 divide 6590?
False
Is 32375 a multiple of 25?
True
Is 214 a factor of 2435?
False
Is 39 a factor of 936?
True
Is 567 a multiple of 21?
True
Is 75 a factor of 29100?
True
Is 3919 a multiple of 12?
False
Is 11 a factor of 350?
False
Does 172 divide 10836?
True
Is 233 a multiple of 16?
False
Does 6 divide 136?
False
Is 25 a factor of 12125?
True
Is 6175 a multiple of 125?
False
Is 28 a factor of 252?
True
Is 2403 a multiple of 15?
False
Is 62 a factor of 6572?
True
Does 53 divide 21730?
True
Is 12986 a multiple of 86?
True
Is 71 a factor of 36636?
True
Is 134 a factor of 22838?
False
Does 15 divide 166845?
True
Is 46233 a multiple of 99?
True
Is 234 a multiple of 4?
False
Is 21472 a multiple of 88?
True
Is 8 a factor of 505?
False
Is 25718 a multiple of 24?
False
Does 12 divide 3516?
True
Does 33 divide 3762?
True
Is 15 a factor of 98?
False
Does 51 divide 15437?
False
Does 29 divide 12586?
True
Does 121 divide 5324?
True
Is 51 a factor of 1308?
False
Is 14 a factor of 5362?
True
Is 29 a factor of 493?
True
Is 7918 a multiple of 96?
False
Is 1080 a multiple of 18?
True
Is 722 a multiple of 19?
True
Does 12 divide 1020?
True
Is 896 a multiple of 10?
False
Is 1314 a multiple of 18?
True
Is 5 a factor of 1265?
True
Does 431 divide 21687?
False
Does 24 divide 9264?
True
Is 32548 a multiple of 26?
False
Is 6 a factor of 45779?
False
Is 546 a multiple of 6?
True
Is 230 a multiple of 23?
True
Is 165 a multiple of 15?
True
Does 29 divide 2610?
True
Is 421 a multiple of 47?
False
Does 9 divide 233?
False
Is 314 a multiple of 5?
False
Is 186 a factor of 372?
True
Is 9333 a multiple of 9?
True
Is 21205 a multiple of 39?
False
Is 248 a multiple of 57?
False
Is 15 a factor of 1035?
True
Does 159 divide 10812?
True
Is 25847 a multiple of 54?
False
Is 30 a factor of 6150?
True
Is 444 a multiple of 11?
False
Does 16 divide 2110?
False
Is 10829 a multiple of 119?
True
Does 78 divide 1716?
True
Is 4886 a multiple of 190?
False
Is 23 a factor of 552?
True
Does 4 divide 3924?
True
Is 1507 a multiple of 137?
True
Does 7 divide 1257?
False
Is 17693 a multiple of 33?
False
Is 804 a multiple of 28?
False
Is 6 a factor of 3716?
False
Is 34 a factor of 3082?
False
Does 19 divide 4205?
False
Is 5374 a multiple of 9?
False
Is 5 a factor of 930?
True
Is 13 a factor of 5629?
True
Is 1536 a multiple of 13?
False
Does 135 divide 5683?
False
Is 1070 a multiple of 107?
True
Is 4 a factor of 4337?
False
Is 1800 a multiple of 12?
True
Is 3280 a multiple of 80?
True
Is 100 a multiple of 50?
True
Is 689 a multiple of 44?
False
Does 3 divide 1117?
False
Is 24 a factor of 885?
False
Is 10645 a multiple of 10?
False
Is 31 a factor of 30040?
False
Is 61 a factor of 9882?
True
Is 190 a factor of 2469?
False
Is 10 a factor of 16764?
False
Does 74 divide 74?
True
Does 2 divide 4190?
True
Does 95 divide 10346?
False
Is 10 a factor of 9590?
True
Is 6 a factor of 1021?
False
Does 162 divide 41278?
False
Does 37 divide 19906?
True
Is 74 a factor of 10286?
True
Does 34 divide 46546?
True
Does 36 divide 38160?
True
Does 5 divide 8345?
True
Is 13 a factor of 23296?
True
Is 19558 a multiple of 4?
False
Is 191 a multiple of 7?
False
Is 821 a multiple of 40?
False
Is 10608 a multiple of 78?
True
Is 31610 a multiple of 109?
True
Is 89240 a multiple of 115?
True
Is 9140 a multiple of 29?
False
Is 22 a factor of 35904?
True
Is 21245 a multiple of 112?
False
Is 166 a multiple of 3?
False
Is 32 a factor of 11232?
True
Does 15 divide 2266?
False
Is 22 a factor of 352?
True
Does 22 divide 139?
False
Is 1199 a multiple of 9?
False
Is 35742 a multiple of 21?
True
Is 3 a factor of 6992?
False
Is 543 a multiple of 17?
False
Is 128 a multiple of 11?
False
I